4000?
True
Is 310 a factor of 14698650?
True
Is 13 a factor of 35700717?
True
Is 9311866 a multiple of 29?
False
Is 330433873 a multiple of 581?
True
Is 293575173 a multiple of 171?
False
Does 5 divide 849207813?
False
Is 654848775 a multiple of 1975?
True
Is 38 a factor of 1152284488?
True
Does 99 divide 17978301?
True
Is 238545706 a multiple of 20?
False
Does 1090 divide 83098330?
True
Is 17087063 a multiple of 6?
False
Does 7 divide 5922917?
True
Is 182090680 a multiple of 40?
True
Is 17160996 even?
True
Is 142079956 a multiple of 178?
True
Is 246 a factor of 21800028?
True
Is 30 a factor of 30334560?
True
Does 1510 divide 881658800?
True
Is 855 a factor of 45250940?
False
Is 1086753559 a multiple of 2796?
False
Does 24 divide 1869048?
True
Is 2026 a factor of 6947328?
False
Does 463 divide 16511815?
False
Does 6 divide 86177951?
False
Is 81362691 a multiple of 15?
False
Is 14900125 a multiple of 599?
True
Does 67 divide 189874248?
True
Does 111 divide 340588293?
True
Does 79 divide 113403683?
False
Is 8 a factor of 3047651545?
False
Is 594560 a multiple of 29?
False
Is 14243901 a multiple of 1365?
False
Does 637 divide 252545783?
False
Is 22 a factor of 1198846404?
False
Is 200774930 a multiple of 705?
False
Is 27718768 a multiple of 149?
True
Does 47 divide 9666819?
True
Is 21 a factor of 39438441?
True
Does 12 divide 980238412?
False
Does 430 divide 2778230?
True
Does 77 divide 2310498954?
False
Is 4083177 a multiple of 2?
False
Is 7178820 a multiple of 12?
True
Is 3 a factor of 1266320?
False
Is 18 a factor of 684439218?
True
Is 59 a factor of 90698812?
True
Is 44 a factor of 1279062?
False
Does 10 divide 763315?
False
Is 1545455 a multiple of 288?
False
Does 165 divide 672084765?
True
Does 12 divide 12613416?
True
Is 2671375 a multiple of 3042?
False
Is 384626931 a multiple of 2375?
False
Does 83 divide 43733707?
False
Does 79 divide 750598750?
True
Is 27767432 a multiple of 9?
False
Is 11 a factor of 14515007?
False
Does 364 divide 129429300?
True
Does 413 divide 18177369?
True
Is 5 a factor of 350411544?
False
Is 15 a factor of 42468745?
False
Does 40 divide 57074360?
True
Is 13 a factor of 150110968?
False
Does 1080 divide 26094960?
True
Is 15 a factor of 4453860570?
True
Is 700100688 a multiple of 7?
True
Does 1542 divide 155534982?
False
Is 8104903 a multiple of 3?
False
Does 731 divide 48338391?
False
Does 122 divide 75247466?
False
Is 22 a factor of 350200818?
True
Is 412018085 a multiple of 19?
False
Does 12 divide 4474250543?
False
Is 86294812 a multiple of 233?
True
Is 569925015 a multiple of 5913?
False
Is 70 a factor of 31102395?
False
Is 1160296916 a multiple of 89?
True
Is 8733345 a multiple of 15?
True
Does 6 divide 12194374?
False
Does 2 divide 108628683?
False
Is 22520805 a multiple of 296?
False
Is 41 a factor of 140474948?
False
Is 11 a factor of 12903737?
True
Does 478 divide 2371674436?
True
Is 635557131 a multiple of 14029?
False
Does 170 divide 2379571770?
True
Does 13 divide 71983587?
True
Is 65 a factor of 3348723388?
False
Is 2095 a factor of 1778709065?
False
Is 25113354 a multiple of 23?
False
Is 173449489 a multiple of 230?
False
Is 6 a factor of 26549851?
False
Is 29 a factor of 26438995?
False
Does 152 divide 32666624?
True
Is 48720198 a multiple of 578?
True
Is 10136160 a multiple of 160?
True
Does 59 divide 2711776998?
True
Is 1255803893 a multiple of 247?
False
Is 3 a factor of 1785437?
False
Is 5053575 a multiple of 645?
True
Is 22 a factor of 36037188?
True
Is 7 a factor of 3478139?
True
Is 212 a factor of 2935008?
False
Does 255 divide 30346431?
False
Does 15 divide 76344165?
True
Is 86221610 a multiple of 628?
False
Does 2040 divide 234712200?
True
Is 38871685 a multiple of 3060?
False
Does 233 divide 1414090396?
False
Is 1301 a factor of 87717457?
False
Is 112172647 a multiple of 931?
False
Is 34 a factor of 15134120?
False
Is 873 a factor of 271805931?
True
Does 129 divide 39163463?
False
Does 23 divide 64454056?
False
Is 527 a factor of 1855642348?
False
Does 198 divide 49214484?
True
Is 700933943 a multiple of 6?
False
Does 6 divide 1073065200?
True
Is 17 a factor of 16169533?
True
Is 51 a factor of 28470495?
True
Is 6 a factor of 287051310?
True
Does 110 divide 105919990?
True
Is 19864906 a multiple of 359?
True
Is 165121066 a multiple of 396?
False
Is 11 a factor of 897155359?
False
Is 55402106 a multiple of 665?
False
Is 17946232 a multiple of 179?
False
Is 8 a factor of 39361878?
False
Is 261534180 a multiple of 355?
True
Does 27 divide 640066887?
True
Is 75 a factor of 797447025?
True
Is 162 a factor of 120358872?
True
Is 10939400 a multiple of 70?
False
Is 28 a factor of 41894005?
False
Does 4 divide 775964928?
True
Is 1686020832 a multiple of 1836?
True
Does 51 divide 121629659?
False
Does 1626 divide 26568840?
True
Does 134 divide 451335718?
True
Does 1024 divide 1882823680?
True
Does 39 divide 33718542?
True
Is 103 a factor of 433334892?
False
Is 37905151 a multiple of 199?
False
Does 317 divide 1717362082?
True
Does 45 divide 75177450?
True
Is 12404810 a multiple of 93?
False
Is 2434810230 a multiple of 90?
True
Is 5 a factor of 123100?
True
Does 130 divide 125403720?
True
Is 75040619 a multiple of 168?
False
Is 423 a factor of 1382273128?
False
Is 32497080 a multiple of 33?
True
Is 1715849082 a multiple of 46?
True
Is 19 a factor of 13497495?
False
Is 310 a factor of 49127882?
False
Is 355 a factor of 63181835?
True
Is 947 a factor of 231599489?
False
Is 137 a factor of 13399166?
False
Does 315 divide 224838459?
False
Does 438 divide 13930152?
True
Is 555 a factor of 36036586?
False
Is 61200945 a multiple of 449?
True
Is 132232634 a multiple of 98?
False
Does 519 divide 164064039?
False
Is 38603 a multiple of 2?
False
Is 5483413306 a multiple of 19?
False
Does 229 divide 138813013?
False
Is 23 a factor of 206140557?
False
Does 392 divide 4553503?
False
Is 1648 a factor of 874344617?
False
Is 52 a factor of 35948431?
False
Is 17 a factor of 149572389?
False
Is 2428830 a multiple of 45?
True
Is 13877825 a multiple of 65?
True
Is 36182057 a multiple of 202?
False
Does 398 divide 427617288?
False
Is 1350 a factor of 850182869?
False
Is 464949516 a multiple of 77?
False
Does 43 divide 1620032133?
False
Is 2627441 a multiple of 2?
False
Does 31 divide 30456230?
False
Is 765165150 a multiple of 25?
True
Is 2885 a factor of 867943595?
True
Is 22531416 a multiple of 456?
True
Does 1305 divide 86325750?
True
Is 32899626 a multiple of 386?
False
Is 90 a factor of 2689045?
False
Is 75 a factor of 8377350?
True
Is 16886478 a multiple of 133?
True
Is 1133710799 a multiple of 4381?
True
Is 3712 a factor of 34644150?
False
Is 16 a factor of 92723184?
True
Is 228016910 a multiple of 22?
True
Is 652552815 a multiple of 5?
True
Does 12211 divide 4093017301?
True
Is 49 a factor of 31805949?
True
Does 130 divide 56282850?
True
Is 1342639352 a multiple of 184?
True
Is 55 a factor of 58746562?
False
Does 227 divide 6454291?
True
Does 17 divide 694711919?
True
Is 3765159996 a multiple of 78?
True
Is 669665932 a multiple of 51?
False
Does 3 divide 131781408?
True
Is 17594580 a multiple of 20?
True
Is 107525083 a multiple of 12?
False
Does 116 divide 17745680?
True
Is 273 a factor of 55950531?
True
Does 1009 divide 188785019?
False
Does 20 divide 705634280?
True
Is 1630 a factor of 12291851?
False
Is 13 a factor of 122971002?
False
Is 1777 a factor of 1634214496?
True
Is 1268 a factor of 57591966?
False
Does 13 divide 7324174949?
True
Is 56 a factor of 11654258?
False
Does 406 divide 35706482?
True
Is 1786264448 a multiple of 1192?
True
Does 1793 divide 150655032?
True
Is 807 a factor of 172052324?
False
Is 9 a factor of 617344344?
True
Is 75 a factor of 32318250?
True
Is 114 a factor of 1882527486?
True
Is 199 a factor of 19821395?
True
Is 74 a factor of 68039424?
False
Is 16938243 a multiple of 315?
False
Is 4980430 a multiple of 3?
False
Is 36870972 a multiple of 16?
False
Does 56 divide 172839271?
False
Is 52 a factor of 761387676?
False
Does 868 divide 12912290?
False
Is 8 a factor of 18187594?
False
Is 22 a factor of 81307295?
False
Is 13 a factor of 503635015?
True
Does 19 divide 12729962?
True
Is 11 a factor of 1404292280?
False
Is 225762180 a multiple of 15?
True
Is 1122574142 a multiple of 23?
